 divisor of 204 and 48?
12
What is the greatest common factor of 5330 and 390?
130
Calculate the highest common factor of 1400 and 245.
35
Calculate the highest common divisor of 12 and 2610.
6
What is the highest common divisor of 2967 and 36?
3
Calculate the highest common divisor of 64 and 12.
4
What is the greatest common factor of 216 and 16?
8
Calculate the greatest common factor of 9168 and 8.
8
Calculate the highest common factor of 416 and 312.
104
What is the greatest common divisor of 3087 and 294?
147
Calculate the highest common factor of 27 and 54.
27
What is the highest common factor of 935 and 825?
55
Calculate the highest common divisor of 90 and 7884.
18
What is the greatest common divisor of 6331 and 169?
13
What is the greatest common factor of 352 and 22?
22
Calculate the highest common divisor of 210 and 40530.
210
What is the highest common factor of 1075 and 86?
43
Calculate the greatest common divisor of 30 and 1515.
15
What is the highest common factor of 10 and 72?
2
What is the highest common divisor of 6380 and 12?
4
Calculate the highest common divisor of 60 and 465.
15
Calculate the highest common divisor of 231 and 616.
77
Calculate the greatest common factor of 7227 and 44.
11
What is the greatest common factor of 6177 and 174?
87
Calculate the greatest common factor of 2370 and 795.
15
What is the greatest common divisor of 108 and 12?
12
Calculate the highest common divisor of 238 and 28.
14
Calculate the greatest common factor of 170 and 6.
2
Calculate the highest common factor of 2304 and 36.
36
What is the highest common factor of 826 and 10502?
118
Calculate the highest common divisor of 25486 and 2.
2
What is the greatest common divisor of 28 and 329?
7
What is the greatest common divisor of 35328 and 69?
69
What is the highest common factor of 121 and 3905?
11
What is the greatest common divisor of 12 and 100?
4
What is the greatest common divisor of 195 and 507?
39
What is the highest common divisor of 3384 and 324?
36
Calculate the highest common divisor of 120 and 408.
24
Calculate the greatest common factor of 119 and 595.
119
Calculate the greatest common divisor of 66 and 138.
6
Calculate the highest common factor of 984 and 144.
24
What is the greatest common factor of 9 and 37?
1
What is the highest common factor of 190 and 50?
10
What is the greatest common divisor of 12 and 36?
12
What is the highest common factor of 18392 and 304?
152
Calculate the highest common divisor of 64 and 112.
16
What is the greatest common divisor of 3 and 159?
3
Calculate the greatest common factor of 50 and 35.
5
What is the highest common divisor of 45 and 25?
5
What is the greatest common divisor of 781 and 284?
71
What is the greatest common divisor of 56001 and 66?
33
Calculate the greatest common factor of 78 and 130.
26
Calculate the highest common divisor of 2264 and 16.
8
What is the greatest common divisor of 126 and 72?
18
Calculate the highest common factor of 304 and 107312.
304
Calculate the highest common factor of 1956 and 24.
12
Calculate the greatest common factor of 7970 and 10.
10
What is the greatest common divisor of 130 and 598?
26
Calculate the highest common factor of 250 and 50.
50
Calculate the highest common divisor of 234 and 104.
26
What is the greatest common divisor of 1566 and 58?
58
What is the greatest common divisor of 5 and 49?
1
What is the highest common factor of 380 and 2470?
190
What is the highest common factor of 2472 and 24?
24
What is the highest common factor of 500 and 20?
20
What is the highest common divisor of 23 and 621?
23
Calculate the greatest common factor of 9745 and 5.
5
Calculate the highest common divisor of 60 and 192.
12
Calculate the highest common factor of 3132 and 1188.
108
Calculate the greatest common divisor of 355 and 1207.
71
What is the greatest common divisor of 267 and 890?
89
Calculate the highest common factor of 5 and 20.
5
What is the highest common factor of 140 and 7105?
35
Calculate the greatest common factor of 55 and 4015.
55
What is the highest common factor of 52 and 12?
4
Calculate the greatest common divisor of 50454 and 18.
18
Calculate the highest common divisor of 57 and 19.
19
Calculate the greatest common divisor of 65 and 52.
13
Calculate the highest common divisor of 1541 and 67.
67
What is the greatest common divisor of 3068 and 26?
26
What is the highest common factor of 8519 and 14?
7
Calculate the highest common divisor of 91 and 5551.
91
What is the highest common divisor of 213 and 3?
3
Calculate the highest common divisor of 3832 and 8.
8
What is the greatest common factor of 497 and 77?
7
Calculate the highest common divisor of 96 and 72.
24
Calculate the greatest common divisor of 21 and 33705.
21
What is the greatest common factor of 2 and 1384?
2
What is the greatest common factor of 4743 and 15?
3
What is the highest common factor of 638 and 88?
22
Calculate the greatest common factor of 1 and 2.
1
What is the highest common factor of 1197 and 969?
57
Calculate the greatest common factor of 33 and 28149.
33
Calculate the greatest common factor of 4 and 932.
4
Calculate the greatest common divisor of 24 and 576.
24
Calculate the greatest common divisor of 697 and 17.
17
Calculate the highest common divisor of 1634 and 6278.
86
What is the highest common factor of 3170 and 10?
10
Calculate the highest common divisor of 920 and 180.
20
Calculate the greatest common divisor of 3770 and 30.
10
Calculate the highest common factor of 16 and 24272.
16
What is the highest common divisor of 104 and 544?
8
What is the highest common divisor of 132 and 99?
33
What is the greatest common divisor of 48 and 4908?
12
What is the greatest common divisor of 50 and 2350?
50
Calculate the highest common factor of 2331 and 252.
63
Calculate the greatest common factor of 48 and 348.
12
Calculate the greatest common divisor of 103 and 1.
1
Calculate the greatest common factor of 116 and 3770.
58
What is the highest common divisor of 46020 and 177?
177
What is the greatest common divisor of 50 and 56750?
50
What is the greatest common divisor of 142 and 5396?
142
What is the highest common divisor of 85 and 1513?
17
Calculate the greatest common factor of 52 and 3419.
13
What is the highest common factor of 81 and 6723?
81
What is the highest common divisor of 70 and 10?
10
Calculate the greatest common factor of 14 and 322.
14
Calculate the highest common divisor of 169 and 52.
13
What is the highest common factor of 49 and 17?
1
What is the greatest common divisor of 154 and 22?
22
What is the highest common divisor of 176 and 44?
44
Calculate the greatest common divisor of 625 and 1750.
125
Calculate the highest common factor of 60 and 45.
15
Calculate the greatest common factor of 171 and 1083.
57
What is the greatest common factor of 98 and 14?
14
Calculate the greatest common factor of 190 and 50.
10
What is the highest common divisor of 70 and 2835?
35
Calculate the highest common factor of 592 and 1850.
74
What is the highest common divisor of 22 and 44638?
22
Calculate the greatest common divisor of 78 and 42.
6
What is the highest common factor of 35 and 63?
7
Calculate the greatest common divisor of 576 and 72.
72
What is the greatest common divisor of 2061 and 261?
9
What is the greatest common factor of 76 and 4?
4
Calculate the highest common divisor of 23 and 35857.
23
What is the greatest common factor of 104 and 16?
8
What is the highest common factor of 156 and 12?
12
Calculate the greatest common factor of 22 and 242.
22
What is the highest common divisor of 632 and 553?
79
What is the greatest common factor of 33 and 1617?
33
Calculate the highest common divisor of 12768 and 336.
336
Calculate the highest common factor of 272 and 68.
68
What is the greatest common divisor of 2055 and 75?
15
Calculate the greatest common factor of 418 and 44.
22
Calculate the highest common divisor of 4 and 74.
2
What is the highest common factor of 616 and 77?
77
What is the highest common factor of 442 and 26?
26
What is the highest common divisor of 132 and 42?
6
Calculate the greatest common divisor of 255 and 15.
15
Calculate the highest common divisor of 245 and 140.
35
Calculate the greatest common factor of 12194 and 33